ose 4*t - 5*r = -115, t - 6*t + 5*r - 150 = 0. Let l be -6*(1 - 17/(-3)). Let c = t - l. Is 3 a factor of c?
False
Let h = -7 - -23. Suppose 252 + h = 2*j. Does 9 divide j?
False
Suppose 4 = 9*y - 7*y. Suppose 1 = y*p - 57. Let g = p + 16. Is g a multiple of 15?
True
Let g(w) = w**2 - 5*w - 4. Let j = -22 - -28. Let d be g(j). Suppose 5*u - 405 = 3*p, -d*p = 3*u - 4*u + 88. Is 13 a factor of u?
True
Suppose -3*q - 3*c = -18, 0 = 3*q - 2*c - 16 - 27. Let t be (-2)/q + (-20590)/(-110). Let m = -109 + t. Is m a multiple of 29?
False
Is 14 a factor of 2/(-3) + (4452/(-9))/(-7)?
True
Suppose 180*m - 174*m - 1374 = 0. Does 7 divide m?
False
Let a(s) = 215*s + 213. Does 46 divide a(5)?
True
Let l(z) = z**3 + 7*z**2 + 5*z - 3. Let r be l(-4). Let v = r - 4. Is 4 a factor of v?
False
Let t(b) = -2*b - 5. Let p be t(-2). Let j(c) = -121*c + 7. Does 32 divide j(p)?
True
Suppose -5*z + 145 = 4*d, -35 = -0*d - d - z. Suppose 0*p - d = -2*p. Suppose p + 5 = 2*b. Is 9 a factor of b?
False
Suppose 2*c = 10 + 6. Let h = c - 14. Is 151/3 - 4/h a multiple of 17?
True
Does 18 divide ((-2)/4)/(4/(-1808))?
False
Suppose 5*d - 921 - 1719 = 0. Is d a multiple of 6?
True
Let l(n) = 3*n**2 + 11*n. Let j be l(-7). Does 21 divide (-684)/(-10) - (-42)/j?
False
Let z = -1519 + 2739. Does 10 divide z?
True
Suppose -24*p = -22*p - 1232. Is 5 a factor of p?
False
Is 21 a factor of (-3 - -610) + -2*(-5)/(-10)?
False
Suppose 4*r = -4*r - 8. Let u(t) = -114*t**3 + t**2 + 4*t + 3. Does 5 divide u(r)?
False
Let s be 2 - 6/18*0. Let o(a) = 22*a**3 - 5*a**2 + 5*a + 2. Is 11 a factor of o(s)?
False
Let q be 21/7 - (-1)/(-1). Does 19 divide 2478/(-28)*q/(-3)?
False
Suppose 14*t = 8*t - 36. Let m(u) = 3*u**2 + 9*u + 2. Is 8 a factor of m(t)?
True
Does 23 divide (-10572)/(-10) + (-8)/(-10)?
True
Suppose -174 = -3*f + 636. Suppose 8*n + f = 3*n. Let o = 90 + n. Is o a multiple of 12?
True
Let u = 662 + -423. Is u a multiple of 6?
False
Suppose -o - 25 = 4*r + 2, -5*r - 4*o - 42 = 0. Let f(z) = -z**3 - 2*z**2 + 12*z + 9. Is 9 a factor of f(r)?
True
Let s = 448 + -328. Is 18 a factor of s?
False
Suppose -2*v - 4*k - 20 = -5*v, 0 = v + 4*k + 20. Suppose -p - 10 = 2*j - 101, 2*j + 2*p - 86 = v. Is j a multiple of 12?
True
Suppose 2*w - 735 = -3*w. Let p = 393 - w. Does 9 divide p/4*(-6)/(-9)?
False
Suppose -3*u + 1493 = y, -u - y + 89 + 408 = 0. Is 29 a factor of u?
False
Let d(n) = -31*n - 99. Is 5 a factor of d(-19)?
True
Suppose -4*p + 3*c + 72 = -3*p, -5*c + 220 = 4*p. Is p a multiple of 20?
True
Let f(v) = 2*v**2 + 10*v + 2. Let c be f(-8). Suppose 8 = 3*x + c. Is 178/14 + (-4)/x a multiple of 8?
False
Let m = 296 - 52. Is m a multiple of 14?
False
Let u be (-320)/(-24) - 1/3. Suppose 0*t = -2*t, -5*t = y - u. Is y a multiple of 5?
False
Let t be -3 - (-4)/8*0. Let s be 8 + 1 + -1 + t. Is ((-135)/6)/s*-6 a multiple of 9?
True
Suppose 3*t + 8 = u - 6*u, -5*u + 2*t = 3. Let g(n) = -93*n**3. Let h be g(u). Suppose h = 2*z - 2*l - l, -2*z + 81 = l. Does 29 divide z?
False
Let x(i) = 148*i + 1. Let w be x(1). Suppose 3*o - w = -v, 0 = 5*v - 28 + 3. Is 16 a factor of o?
True
Suppose -58*w - 45*w + 53560 = 0. Does 26 divide w?
True
Suppose 2*u - u + 5*b - 232 = 0, 2*b = -2. Does 13 divide u?
False
Is (5/(-15))/(1/6) - -52 a multiple of 20?
False
Let y = -75 - -353. Does 11 divide y?
False
Is (-3)/7 - (-118215)/259 a multiple of 20?
False
Let l = 4 + -7. Let t be (7/(-2) - l)*-16. Suppose 0 = 3*k - a + t - 42, 4*k = -4*a + 24. Does 3 divide k?
False
Let i be (6*50)/(0 - -1). Is i*(1/3 - 2/(-30)) a multiple of 30?
True
Let m = 11 - 3. Let u(v) = 2*v**2 - 8*v + 8. Let c be u(m). Suppose -297 = -5*a - 4*s, 3*s - 51 = -2*a + c. Does 19 divide a?
True
Let z(m) = m**2 + 3*m - 11. Let y be (-2 - 0) + -1*20. Let r = 14 + y. Does 9 divide z(r)?
False
Let g be -4*(0 - (-3)/(-4)). Let h(s) = 26*s**3 - s + 1. Let q be h(1). Suppose 13 = g*t - q. Does 6 divide t?
False
Does 28 divide (-64)/(-7 + 1503/216)?
False
Let b = -28 - -74. Is b/3 + 1/(-3) a multiple of 15?
True
Suppose 0 = -2*y - 4*z + 612, -5*z + 998 + 229 = 4*y. Does 3 divide y?
False
Suppose -3*f = 3*w - 663, -5*f + w + 1242 = 167. Does 72 divide f?
True
Suppose 47*o = 54*o - 14. Is 21 a factor of (2456/32 + 2)/(o/8)?
True
Suppose w - 2*i - 699 - 319 = 0, -4*i = -5*w + 5096. Suppose 49*h + w = 53*h. Is 37 a factor of h?
False
Let c(m) be the second derivative of 16*m**3/3 - m**2 + 9*m. Is 15 a factor of c(1)?
True
Suppose a = 3*a - 8. Suppose -552 = -7*s + a*s. Let j = s + -91. Does 30 divide j?
False
Let f be 4 + (-12)/(-3) - -2. Suppose 116 = f*i - 54. Is i a multiple of 17?
True
Let s(n) = -n**3 - 20*n**2 - 25*n - 60. Is 17 a factor of s(-22)?
False
Suppose 0*x + y = -2*x + 5, -20 = -4*y. Suppose 5*s = -2*q - x*q + 218, -2*s + 108 = q. Is 26 a factor of q?
True
Let x be (2/(-3))/(14/105) + -1. Let q = 1 - x. Is 2 a factor of q?
False
Let c = 32 + -11. Let v = c - 15. Suppose -a + 36 = 2*i, -i + 4*a - 84 = -v*i. Is 5 a factor of i?
True
Suppose -5*o + 4*y = -1158, 4*o - 641 = 4*y + 287. Suppose o + 114 = m. Suppose -4*w = -m - 84. Is 32 a factor of w?
False
Let w(v) = v - 1. Let x(c) = -19*c**2 + 3*c - 2. Let a(d) = 4*w(d) - x(d). Does 33 divide a(-2)?
False
Let c(r) be the second derivative of -3*r**5/10 + r**4/12 + r**3/3 + r**2/2 + 14*r. Is 3 a factor of c(-1)?
True
Let v = 3145 - 1671. Is v a multiple of 67?
True
Let u(n) = n**2 + n - 16. Let t be u(-5). Suppose -147 = a - t*a. Is 17 a factor of a?
False
Let i be 6*2/4 - 1. Is i + 16/4 + 5 a multiple of 4?
False
Let g = 254 + -263. Let u(d) = -5*d**3 - 11*d**2 - 4*d + 24. Let f(l) = 4*l**3 + 11*l**2 + 4*l - 23. Let n(v) = 4*f(v) + 3*u(v). Does 19 divide n(g)?
False
Suppose -35 = -3*s - 2*s. Suppose -s*k + 11*k = 348. Does 15 divide k?
False
Let o = 169 + 205. Does 21 divide o?
False
Suppose -11 + 4 = -z. Let i be -1*348/(-4 + z). Let g = -42 - i. Is g a multiple of 16?
False
Suppose 0 = 2*q - 15*a + 12*a - 133, 0 = 3*q + 3*a - 162. Does 4 divide q?
False
Let c(j) be the first derivative of -7*j**2/2 - 67*j - 10. Does 24 divide c(-29)?
False
Suppose 777*o - 770*o = 560. Is 6 a factor of o?
False
Let z = 10 - 5. Suppose 2*f = -0 + 6, -3*r = -z*f - 6. Suppose -4*c = 3*d - 207, -5*d + r - 2 = 0. Is c a multiple of 17?
True
Let a(h) = -h**3 - 5*h**2 - h - 3. Let x be a(-5). Suppose -5*w - 4*p + 198 = 0, -x*p + 10 = 5*w - 194. Is w a multiple of 7?
True
Let v be 3*2/(-6) - 10. Let j = v + 21. Does 3 divide j?
False
Let p(u) = -4*u**2 - 6*u + 1. Let n be p(6). Let w = n + 259. Suppose o - 229 = -5*x + w, -49 = -x + 3*o. Is x a multiple of 25?
False
Let w(t) = t**3 - 9*t**2 + 12*t - 18. Does 14 divide w(8)?
True
Let s(n) = 109*n + 1. Is s(1) a multiple of 10?
True
Let c = 984 - 420. Is c a multiple of 17?
False
Let x(q) be the second derivative of -q**5/20 + q**4/3 + q**3/6 + 5*q**2/2 - 5*q. Suppose -o + h = -9, -3*o + 37 = -6*h + h. Does 2 divide x(o)?
False
Suppose 0 = 5*f - 12 - 8. Suppose -348 = -4*t - f*p, -45 = -2*t - p + 129. Suppose 3*r - t = -4*v + 69, -5*v = 15. Is r a multiple of 14?
True
Let m(k) = -k - 6. Let n be m(-10). Suppose 7 = 2*g - 3*p, -n*p - 41 = 5*g - 1. Does 12 divide (15 + -1)*(-6)/g?
False
Let y(l) = -7*l - 15. Let t(i) = -i**2 + i. Let z be t(3). Does 20 divide y(z)?
False
Does 26 divide (-1)/(-4)*(84 - -20)?
True
Let g = 91 + -17. Let l = g - 36. Does 19 divide l?
True
Let t = 507 - -91. Is 23 a factor of t?
True
Let r(u) = -64*u - 39. Is 11 a factor of r(-2)?
False
Let t be (-1)/2*2 - -6. Let h(d) = -d + 8. Let p be h(5). Suppose -2*c = -p*f + c + 102, -130 = -5*f - t*c. Is 10 a factor of f?
True
Suppose 0 = -4*x - x + 3*g + 97, 2*x - 38 = 2*g. Suppose 0 = -5*p - 0*p + x. Let f = p + 12. Is f a multiple of 8?
True
Let t(w) = 664*w**2 - 20*w + 1. Does 13 divide t(-1)?
False
Suppose -20*a = -4345 - 455. Does 4 divide a?
True
Let t(x) = 4*x**2 + 3*x - 4. Let k be t(3). Let a = k + -39. Does 2 divide a?
True
Suppose 5*f = -3*x + 736, -5*x + x + 976 = 4*f. Let r = x + -156. Does 5 divide r?
False
Let c = 13 - 5. Is 4 a factor of c?
True
Suppose 4*z - 332 = -f + 346, -2*z = -5*f - 350. Suppose 0 = 3*q - 2*d - z, 56 = 3*q - 3*d - 112. Does 16 divide q?
False
Suppose -9093 = 14*u - 37177. Is u a multiple of 34?
True
Suppose 0 = 3*j - 60 + 609. Let h be j/(-21) - 2/(-7). L